/(3/12). Let d = g + -27. What is the units digit of d?
7
Let k(d) = d + 5. Let z be k(-2). Suppose 0*t - z = t. What is the tens digit of (-59)/(-2) - t/(-6)?
2
Let z be (3 - 1)*(-68)/(-2). Let p(h) = 3*h**2 - 18*h + 17. Let n be p(5). Suppose l + z = 2*a - l, -77 = -n*a - l. What is the tens digit of a?
3
Let p = 335 + -249. What is the units digit of p?
6
Let k(n) = 7*n + 14. Let q be k(7). Suppose -2*g + 27 = -3*g. Let o = q + g. What is the units digit of o?
6
Suppose 0*m + 2 = -2*m, 0 = -c - 2*m - 2. Let h be -12 + 3/6*c. Let t = h - -46. What is the tens digit of t?
3
Let u(o) = -824*o + 37. What is the hundreds digit of u(-1)?
8
Suppose 0 = 10*v - 9*v - 94. Let k = v - 18. What is the tens digit of k?
7
Suppose -4*i = 5*y - 44, -6 = -3*i + 4*y - y. Let m(g) = -3*g - 1. Let z be m(-3). Let b = z - i. What is the units digit of b?
2
Suppose -42*g + 5*g = -3071. What is the tens digit of g?
8
Let r(m) = 0 + 3 + 4*m**2 - 9 + 42*m**2. Let g be r(-2). Suppose 2 + g = 6*z. What is the units digit of z?
0
Suppose -17*s - 7 = -18*s. Suppose -5*b = -20, -4*b - 7 = k - s*b. What is the units digit of k?
5
Let d(q) = q**3 + 6*q**2 + 6*q + 2. Let i be d(-3). Let t(l) = -l**3 + 12*l**2 - 6*l - 1. What is the tens digit of t(i)?
5
Let z be 0 + -4*12/(-16). Let q be 946/(-12) + (-1)/6. What is the tens digit of 1 + (z + q)/(-4)?
2
Let m = 17 - 19. Let c be (0 + 82)/((-4)/m). Suppose -6*v + 5*v = -c. What is the tens digit of v?
4
Let u = -14 + -1. What is the tens digit of 6/(-4)*790/u?
7
Let n(r) = 2*r**2 + 16*r + 44. What is the units digit of n(-32)?
0
Let r = -459 + 702. Suppose -23*t = -26*t + r. What is the units digit of t?
1
Let h(i) = 8*i**2 + 68*i - 20. What is the thousands digit of h(8)?
1
Let o = 132 + -126. Suppose -2*w = -2*k, k + 2*k + o = 5*w. What is the units digit of w?
3
Suppose -20 = 5*d - a - 4*a, -4*a - 26 = 3*d. Let b(t) = -18*t. What is the units digit of b(d)?
8
Let k = 2 - -16. Let c be 108/26 + (0 - (-6)/(-39)). Suppose x + 0*x - 9 = -c*j, -x + k = j. What is the units digit of x?
1
Let d = 27 + -19. Let k be 2/d + (-9)/4. What is the tens digit of (-4)/(-8) + (-85)/k?
4
Suppose 4*r = -2*x - 52, 7*x + 94 = 2*x - r. Let z = x - -21. Suppose -54 = -z*h + 3*y, -4*h - 5 + 53 = 4*y. What is the tens digit of h?
1
Suppose -2*s = -3050 + 658. What is the units digit of s?
6
Let r = 6 - -4. Let a(w) = w**3 + 13*w**2 - 6*w + 4. Let v(n) = 2*n**3 + 14*n**2 - 4*n + 5. Let q(p) = 3*a(p) - 2*v(p). What is the units digit of q(r)?
2
Let k = 306 - -202. What is the units digit of k?
8
Let a be (-24)/(-3 + 36/8). Let d = -16 - a. Suppose -5*u + 220 = c - d*c, -c = -2*u + 88. What is the units digit of u?
4
Suppose 15*p - 6 = 13*p. Suppose 3*y + 12 = 0, 5*r + 189 = -p*y + 1207. What is the tens digit of r?
0
Let p be 5/2*142/5. Suppose -5*y = -5*t + 40, 8 = 2*y - 4*y. Suppose -5*s - t*v + 94 = 0, v = -0*s + 4*s - p. What is the tens digit of s?
1
Let t = 6 + -2. Suppose t*z + 15 = -z. What is the units digit of (z + 2)*(-1 - 23)?
4
What is the units digit of (2 - 7 - (8 + -12))*-181?
1
Let r(j) = -154*j**3 - 6*j**2 - 17*j - 18. What is the thousands digit of r(-2)?
1
Suppose 0 = t - 2*a, a = -2*a. Suppose 0*v - 5 = v + 2*y, -2*y - 2 = t. Let g = 4 + v. What is the units digit of g?
1
Let g(c) = c**2 - 36*c - 747. What is the thousands digit of g(80)?
2
Suppose 0 = 2*i - 4*y + 7*y - 175, 2*y = -5*i + 410. What is the tens digit of i?
8
Let b(y) = -4*y**3 + 3*y**2 - 8*y + 4. Let p(n) = -n + 2. Let u be p(6). What is the tens digit of b(u)?
4
Suppose 2*q + 24 = 5*q. Suppose -4*y + 328 = 4*u, -4*u - 332 = -q*u - 2*y. What is the units digit of u?
4
Let u = 5606 - 2902. What is the hundreds digit of u?
7
Suppose -3*y + 4 - 70 = 0. Let i = -1 - y. What is the units digit of i?
1
What is the tens digit of 756/6*(-4)/(48/(-30))?
1
Suppose 24 = 2*d - 4*c, 0*d - 3*d + 2*c = -52. What is the hundreds digit of ((-1 - d) + -2)*-11?
2
Suppose -16*u = -10*u - 7866. What is the units digit of u?
1
Suppose 5*n + 2*z - 2299 = -0*z, -15 = 5*z. What is the tens digit of n?
6
Let v(f) = -237*f - 8. What is the tens digit of v(-2)?
6
What is the hundreds digit of (865/(-30))/(1/(-6))?
1
Suppose 3383 = 8*d + 151. What is the hundreds digit of d?
4
Suppose 0 = -3*z - 0 - 12. Let y be z/5 + 32/40. Suppose y = -7*h + 420 - 35. What is the tens digit of h?
5
Let b(h) = h**3 - 7*h**2 - 14*h - 24. What is the hundreds digit of b(15)?
5
Suppose 7*v - 2*v = 25. Suppose 5 = -3*w - v*h - 1, 2*w = -h - 4. Let t(l) = -2*l. What is the units digit of t(w)?
4
Let y = -14 - -6. Let o(c) = -c**3 - 6*c**2 + 11*c + 6. What is the units digit of o(y)?
6
Let w(f) = f**3 + 29*f**2 - 9*f - 38. What is the tens digit of w(-15)?
4
Let x = 82 - 79. Let w be (-30)/(-7) - (-4)/(-14). Suppose 3*c - 90 = 5*t, 87 = w*c - x*t - 22. What is the units digit of c?
5
Suppose 0*o + 36 = -2*o. Let g = 120 + o. What is the tens digit of g?
0
Suppose -4*i = 23 - 63. Let k(n) = 2*n**2 + 9*n - 15. Let l be k(i). Suppose 8*y - 3*y - l = g, -239 = -4*y - 3*g. What is the tens digit of y?
5
Let o(g) = -34*g**3 + 2*g**2 - 1. Let m be o(-1). Suppose q - 5*q + 112 = 3*s, -4*s - 4*q = -152. Suppose -5*v = -m - s. What is the units digit of v?
5
Let n(v) = 12*v**2 - 8*v + 16. Let h be n(7). Suppose -2*r - h = 2*r. Let y = r + 207. What is the units digit of y?
0
Let x be (-156)/9 - 2/(-6). Let g = x - -8. What is the tens digit of (-6)/g + (-84)/(-9)?
1
Suppose -h - 201 = -5*i, 0 = -i - 0*i - 4*h + 36. Suppose -2*y - i = -4*w + 3*y, -y = w - 10. Suppose 45 = -7*p + w*p. What is the tens digit of p?
1
Suppose u = -22 + 135. Let t = u + 27. What is the units digit of t?
0
Suppose 4*z - h + 71 + 896 = 0, 5*z + 1235 = -4*h. What is the tens digit of -1 - z - (-5 + -2 + 7)?
4
Let t = -6 - 4. Let l(q) = q**2 + 7*q - 11. What is the units digit of l(t)?
9
Let t = 7 - -10. Suppose -22*q = -t*q - 535. What is the hundreds digit of q?
1
Let q(r) = r**3 + 5*r**2 - 12*r + 3. What is the tens digit of q(4)?
9
Let p be 88/24 - ((-4)/3 - -1). Suppose -y = -3*k - 31 - 55, -3*k + 374 = p*y. What is the tens digit of y?
9
Let b = 61 - 30. Let o(y) = -y**2 + 6*y + 7. Let p be o(6). Suppose p*j = 74 + b. What is the tens digit of j?
1
Suppose -6*u + 35 = u. Suppose 0*n - 346 = -3*w - 5*n, u*n + 239 = 2*w. What is the units digit of w?
7
Let k = -1660 - -4073. What is the hundreds digit of k?
4
Let l(n) = n - 6. Suppose -2*x + 16 = -0. Let s be l(x). Suppose 48 = s*u - 2*f - f, 4*f - 62 = -2*u. What is the tens digit of u?
2
Let l(b) = -4*b**3 + 5*b**2 + 10*b + 22. What is the units digit of l(-4)?
8
Let x be 5/(2/(7 - 1)). Suppose -4*i + 5 = -x. Suppose 0*h - 5*f + 60 = i*h, -40 = -3*h - 2*f. What is the tens digit of h?
1
Let y(o) = 4*o**2 - 23*o + 39. What is the units digit of y(13)?
6
Let i(v) = 2 - 29*v + 0 + 26*v - 3. Let y be i(-2). Suppose 4*r = 5*t - 135 - 118, 157 = 3*t - y*r. What is the units digit of t?
9
Let h(d) = 55*d**2 + 14. What is the hundreds digit of h(-4)?
8
What is the hundreds digit of 105/175 - (-19244)/10?
9
Let a be (-5 + 4/(-4))/(-2). What is the units digit of 57 + 6*a/9?
9
Let q be (6/(-12))/((-3)/(-1338)). Let j = -39 - q. What is the hundreds digit of j?
1
Suppose 3*u = -58 - 29. Let v = -48 - u. What is the tens digit of v/38 + (-46)/(-4)?
1
Let p = 1031 + 873. What is the thousands digit of p?
1
Suppose -k + 4*k = 6. Suppose -3*o - 4*v - 164 = -7*o, 3*o + k*v - 108 = 0. What is the tens digit of o?
3
Let p = -18 + -7. Let j = 13 + p. Let g = 26 - j. What is the tens digit of g?
3
Suppose 14*c - 4*c = 20. Suppose -q = -c*q + 96. What is the tens digit of q?
9
What is the thousands digit of 6 - (-1)/(25938/12966 - 2)?
2
What is the units digit of ((-376)/24 - 3)*-36?
2
What is the hundreds digit of (4/(-3))/(12*1/(-19917))?
2
Suppose -182 = -5*t + 38. Let i = t + 10. Let s = -32 + i. What is the tens digit of s?
2
Let l(w) = 35*w - 4*w**2 - 34*w - 17 + 6*w**2. What is the tens digit of l(6)?
6
Suppose -69*i = -70*i + 3783. What is the hundreds digit of i?
7
Suppose -3*y - 9*x + 6*x + 1611 = 0, 5*x = 2*y - 1067. What is the hundreds digit of y?
5
Let r be (4/2)/(11/22). Suppose 69 = r*x - 171. What is the tens digit of x?
6
Let m be -3 + (-1)/(4/(-12)). Suppose -4*v = -5*t - 60, 12 = v + 5*t -